he remainder when 66 is divided by 18?
12
What is the remainder when 231 is divided by 3?
0
Calculate the remainder when 3114 is divided by 35.
34
Calculate the remainder when 10303 is divided by 184.
183
Calculate the remainder when 29423 is divided by 17.
13
What is the remainder when 807 is divided by 211?
174
What is the remainder when 6401 is divided by 3194?
13
What is the remainder when 4523 is divided by 87?
86
What is the remainder when 50 is divided by 22?
6
Calculate the remainder when 562 is divided by 438.
124
Calculate the remainder when 627 is divided by 79.
74
Calculate the remainder when 1521 is divided by 378.
9
What is the remainder when 3076 is divided by 44?
40
Calculate the remainder when 281 is divided by 47.
46
Calculate the remainder when 929 is divided by 20.
9
What is the remainder when 612 is divided by 24?
12
Calculate the remainder when 9345 is divided by 3114.
3
What is the remainder when 230 is divided by 18?
14
Calculate the remainder when 30 is divided by 9.
3
Calculate the remainder when 121 is divided by 63.
58
What is the remainder when 229 is divided by 118?
111
Calculate the remainder when 527 is divided by 7.
2
What is the remainder when 894 is divided by 13?
10
What is the remainder when 88 is divided by 82?
6
What is the remainder when 431 is divided by 58?
25
Calculate the remainder when 172 is divided by 41.
8
Calculate the remainder when 486 is divided by 98.
94
Calculate the remainder when 64 is divided by 1.
0
What is the remainder when 3069 is divided by 52?
1
What is the remainder when 3560 is divided by 887?
12
What is the remainder when 179 is divided by 91?
88
What is the remainder when 1087 is divided by 37?
14
Calculate the remainder when 361 is divided by 9.
1
What is the remainder when 199 is divided by 36?
19
Calculate the remainder when 347 is divided by 58.
57
Calculate the remainder when 685 is divided by 49.
48
What is the remainder when 1033 is divided by 28?
25
What is the remainder when 876 is divided by 158?
86
Calculate the remainder when 65 is divided by 36.
29
What is the remainder when 228 is divided by 46?
44
Calculate the remainder when 1045 is divided by 46.
33
What is the remainder when 234 is divided by 39?
0
What is the remainder when 655 is divided by 73?
71
What is the remainder when 243 is divided by 31?
26
Calculate the remainder when 400 is divided by 43.
13
Calculate the remainder when 6959 is divided by 20.
19
What is the remainder when 801 is divided by 150?
51
Calculate the remainder when 200 is divided by 46.
16
What is the remainder when 49 is divided by 47?
2
Calculate the remainder when 592 is divided by 12.
4
Calculate the remainder when 2659 is divided by 242.
239
What is the remainder when 569 is divided by 157?
98
Calculate the remainder when 276 is divided by 47.
41
What is the remainder when 7379 is divided by 71?
66
Calculate the remainder when 1949 is divided by 20.
9
What is the remainder when 119 is divided by 14?
7
Calculate the remainder when 400 is divided by 31.
28
What is the remainder when 78 is divided by 6?
0
Calculate the remainder when 54 is divided by 26.
2
What is the remainder when 171 is divided by 23?
10
What is the remainder when 1744 is divided by 550?
94
Calculate the remainder when 13 is divided by 11.
2
Calculate the remainder when 6111 is divided by 32.
31
What is the remainder when 131 is divided by 131?
0
Calculate the remainder when 26 is divided by 10.
6
What is the remainder when 102 is divided by 12?
6
What is the remainder when 32 is divided by 27?
5
Calculate the remainder when 3370 is divided by 83.
50
What is the remainder when 211 is divided by 127?
84
Calculate the remainder when 402 is divided by 5.
2
What is the remainder when 188 is divided by 81?
26
What is the remainder when 1989 is divided by 985?
19
What is the remainder when 16806 is divided by 191?
189
What is the remainder when 214 is divided by 8?
6
What is the remainder when 237 is divided by 109?
19
Calculate the remainder when 400 is divided by 229.
171
Calculate the remainder when 579 is divided by 115.
4
Calculate the remainder when 214 is divided by 101.
12
What is the remainder when 11139 is divided by 18?
15
What is the remainder when 99 is divided by 49?
1
What is the remainder when 1052 is divided by 24?
20
What is the remainder when 3648 is divided by 906?
24
What is the remainder when 397 is divided by 138?
121
What is the remainder when 5 is divided by 1?
0
What is the remainder when 2120 is divided by 17?
12
Calculate the remainder when 1382 is divided by 98.
10
What is the remainder when 1570 is divided by 62?
20
Calculate the remainder when 75815 is divided by 216.
215
Calculate the remainder when 154 is divided by 40.
34
What is the remainder when 260 is divided by 88?
84
Calculate the remainder when 863 is divided by 34.
13
Calculate the remainder when 1972 is divided by 76.
72
Calculate the remainder when 455 is divided by 220.
15
Calculate the remainder when 307 is divided by 62.
59
Calculate the remainder when 235 is divided by 104.
27
Calculate the remainder when 60 is divided by 46.
14
Calculate the remainder when 6927 is divided by 77.
74
Calculate the remainder when 155 is divided by 12.
11
What is the remainder when 663 is divided by 88?
47
What is the remainder when 490 is divided by 32?
10
What is the remainder when 197 is divided by 25?
22
Calculate the remainder when 173 is divided by 91.
82
What is the remainder when 423 is divided by 210?
3
Calculate the remainder when 1827 is divided by 15.
12
Calculate the remainder when 2941 is divided by 19.
15
What is the remainder when 1052 is divided by 27?
26
Calculate the remainder when 1713 is divided by 17.
13
Calculate the remainder when 391 is divided by 33.
28
What is the remainder when 659 is divided by 13?
9
Calculate the remainder when 408 is divided by 78.
18
Calculate the remainder when 1026 is divided by 13.
12
Calculate the remainder when 17 is divided by 16.
1
What is the remainder when 287 is divided by 24?
23
Calculate the remainder when 3568 is divided by 57.
34
Calculate the remainder when 98 is divided by 27.
17
What is the remainder when 1508 is divided by 68?
12
Calculate the remainder when 23 is divided by 7.
2
Calculate the remainder when 368 is divided by 32.
16
Calculate the remainder when 3646 is divided by 57.
55
What is the remainder when 92 is divided by 26?
14
Calculate the remainder when 4086 is divided by 28.
26
Calculate the remainder when 163 is divided by 53.
4
Calculate the remainder when 2033 is divided by 17.
10
What is the remainder when 404 is divided by 29?
27
Calculate the remainder when 385 is divided by 54.
7
Calculate the remainder when 913 is divided by 342.
229
Calculate the remainder when 390 is divided by 109.
63
What is the remainder when 91 is divided by 24?
19
Calculate the remainder when 211 is divided by 24.
19
What is the remainder when 6850 is divided by 2279?
13
What is the remainder when 208 is divided by 30?
28
What is the remainder when 126 is divided by 1?
0
Calculate the remainder when 5447 is divided by 188.
183
What is the remainder when 803 is divided by 4?
3
What is the remainder when 5246 is divided by 7?
3
Calculate the remainder when 671 is divided by 224.
223
Calculate the remainder when 272 is divided by 73.
53
Calculate the remainder when 872 is divided by 11.
3
What is the remainder when 2833 is divided by 98?
89
What is the remainder when 49 is divided by 26?
23
Calculate the remainder when 133 is divided by 77.
56
What is the remainder when 993 is divided by 20?
13
What is the remainder when 121 is divided by 22?
11
What is the remainder when 1559 is divided by 81?
20
What is the remainder when 1375 is divided by 342?
7
What is the remainder when 184 is divided by 19?
13
What is the remainder when 9306 is divided by 42?
24
What is the remainder when 4411 is divided by 4?
3
Calculate the remainder when 4943 is divided by 247.
3
Calculate the remainder when 295 is divided by 151.
144
What is the remainder when 1085 is divided by 60?
5
What is the remainder when 1868 is divided by 17?
15
Calculate the remainder when 110 is divided by 12.
2
Calculate the remainder when 1511 is divided by 42.
41
What is the 